 72*n + 5*s, 3*n + 2*s = 74838. List the prime factors of n.
2, 3, 7, 11
Suppose 0 = 112*i - 111*i - 76. Suppose i*j = 78*j - 684. What are the prime factors of j?
2, 3, 19
Let u = 17 - 11. Let w be (u/12)/((-2)/(-120)). What are the prime factors of 2014/w - (-22)/(-165)?
67
Let j be (6 - 3) + 2*2. Let i be 4503/j - ((-18)/(-14) - 1). Suppose 0 = -3*h + 6, 4*y + 185 = 5*h + i. What are the prime factors of y?
3, 13
Suppose -16*w + 378287 + 268497 = 0. List the prime factors of w.
2, 31, 163
Let y(z) = -4*z**2 + 24*z - 75. Let t(q) = 11*q**2 - 71*q + 224. Let j(a) = 3*t(a) + 8*y(a). List the prime factors of j(37).
2, 83
Let d(y) = 1343*y + 47. Let z be d(7). Suppose 1198 = -6*b + z. Suppose -2*k + 0*k + b = 5*f, 4*f - 3*k - 1100 = 0. List the prime factors of f.
5, 11
Suppose 16*v + 38*v - 842850 = 9*v. What are the prime factors of v?
2, 5, 1873
Let u(d) = 2*d + 10. Let y be u(-4). Suppose 0 = y*p + 3*p + 360. List the prime factors of (p/(-30) - 3)*(1 - 11).
2, 3
Let n = 218 - 214. Let y = 1 - -1. Suppose 60 = 5*i - n*h - h, -i - y*h + 12 = 0. List the prime factors of i.
2, 3
Suppose -3*z = 24*z - 86589. List the prime factors of z.
3, 1069
Let t be 360/162 - 4/18. Suppose 0 = -z - 4, 0 = -2*q - 0*z - t*z + 128. What are the prime factors of q + (-1 - -5 - 2)?
2, 5, 7
Let w(p) = -29*p + 135. Let v be w(2). Suppose v*u - 1940 = 67*u. List the prime factors of u.
2, 97
Suppose 2*h + 3*z = 41, 5*z + 17 = h + h. List the prime factors of (h/(-20))/(-1*(-8)/(-3260)).
2, 163
Suppose -c = -4*x + 17, 6*c + 31 = 2*x + c. Let f be 993/x + -1 - 3. List the prime factors of (10/3 - 3)/(1/f).
109
Let t(c) = -c**3 + 8*c**2 + 9. Let m be t(8). Suppose -m*w - 2078 = -7469. What are the prime factors of w?
599
Suppose 0*f = -f + 27. Suppose 21*p - f*p - 108 = 0. What are the prime factors of (-1 - (-954)/15) + p/30?
2, 31
Let p(f) be the first derivative of -f**4/4 + 8*f**3/3 + 23*f**2/2 - 9*f + 152. List the prime factors of p(-7).
5, 113
Let f(o) = o**3 + 22*o**2 - 6*o - 27. Let g be f(-26). Let c = -1282 - g. List the prime factors of c.
3, 431
Let c(h) = 94*h + 5643. What are the prime factors of c(-25)?
37, 89
Let g be 31 + -30 - -1*8. Let k be g - (-9 - -3)/(-3). List the prime factors of (54 - k)*(3 - 2).
47
Let l(x) = x**2 - x + 2. Let y be l(0). Let q = -7 - -10. Suppose -q*w = 5*k - 253, y*w = 7*w - 4*k - 360. List the prime factors of w.
2, 19
Let z(a) = -a**2 + 5*a - 5. Let f be z(-4). Suppose 0 = -2*w + 2*s + 166, -2*w + 4*w + 2*s - 182 = 0. Let x = f + w. List the prime factors of x.
2, 23
List the prime factors of 3761 + 3 + 45/(14 - 5).
3769
Let r(q) = -3*q. Let z(u) = -366*u + 37. Let i(f) = -2*r(f) - z(f). What are the prime factors of i(4)?
1451
Let q be -15 + 16 - 1*(1 - -2). Let t be (6 - q) + -4*(-3)/(-3). Suppose 0 = -4*n + 3*n + 2*m + 68, 5*n = -t*m + 284. What are the prime factors of n?
2, 3, 5
Let i = -3309 + 9362. Suppose 6*f - i = -1193. List the prime factors of f.
2, 3, 5
Let y = 117 - 254. Let g = 200 + 78. Let l = g + y. What are the prime factors of l?
3, 47
Let z(d) = d**3 - 14*d**2 - 26*d - 38. Let w be z(16). Let c = w + 210. What are the prime factors of c?
2, 67
Suppose 145*t = 176*t - 774566. What are the prime factors of t?
2, 13, 31
Let x(h) = 9*h + 220. Let f(c) = -4*c - 111. Let t(d) = 11*f(d) + 6*x(d). What are the prime factors of t(0)?
3, 11
Let g(p) = 516*p - 299. What are the prime factors of g(6)?
2797
What are the prime factors of (14/(-126))/((-8)/18) + 33851/4?
3, 7, 13, 31
Suppose 2*p + 81 = -3. Let u be (376 + -4)/2 + 3/1. Let k = u + p. List the prime factors of k.
3, 7
Suppose 2840431 + 5442258 = 446*n - 123*n. List the prime factors of n.
25643
Let n(b) = 19*b**3 + 11*b**2 - 100*b - 48. List the prime factors of n(12).
2, 3, 691
Suppose 4*r + 2*j = -j + 12, -3*r - 5*j = -20. Suppose 20*i - 3*i - 4*i = r. Suppose 25*t - 24*t - 61 = i. List the prime factors of t.
61
Let j = -592 + 294. Let s = -58 - j. Let i = -117 + s. List the prime factors of i.
3, 41
Suppose 133 = -3*l - 74. Let o = -65 - l. Suppose -o*a = 2*k - 260, 0 = -5*a - 3*k - k + 322. List the prime factors of a.
2, 3, 11
Let a = 200 - 122. List the prime factors of (-8190)/(-34) - a/(-663).
241
Suppose -9*j + 0*j + 12678 = -180579. What are the prime factors of j?
109, 197
Let p(b) = 6*b + 24. Let o be p(-3). Suppose o*v + 45 - 9 = 0. What are the prime factors of v/(-14) + (-774)/(-7)?
3, 37
Let l(u) = 178*u**3 - 15*u**2 + 79*u - 26. What are the prime factors of l(4)?
2, 3, 1907
Let z(f) = -2 - 3*f + f**3 - 7 + 12 + 10*f**2 + 10. List the prime factors of z(-9).
11
Let x(c) = 2*c**2 - 10*c - 13. Let q be x(8). List the prime factors of 5*175*28/q.
2, 5, 7
What are the prime factors of 49/7 + 6269/7 - 4/7?
2, 11, 41
Let n be (6/1)/((-4)/(-2)). Let y(d) = 7 - 11 - d**3 - 2*d**n + 4*d**2 + 7. What are the prime factors of y(-3)?
2, 3, 5
Let v(u) = -34*u - 45. Let r(y) = -4*y + 1. Let f(p) = 14*r(p) + 2*v(p). List the prime factors of f(-5).
2, 17
What are the prime factors of (574/8*-5)/(3/(-8))*3?
2, 5, 7, 41
Let a = 375 + -309. Let f = a - -659. List the prime factors of f.
5, 29
Let n = -191 - -219. What are the prime factors of 676*(22/n + 20/(-70))?
2, 13
Let m(u) = 2*u**2 + 24*u + 31. Let r be m(-17). Suppose 2*f - r = 93. What are the prime factors of f?
3, 7
Let w = 32528 + -17440. What are the prime factors of w?
2, 23, 41
Let r(d) = 38*d - 1. Suppose -4*f + 2 = -x - 9, 0 = -3*f + 3*x + 6. Let s be r(f). Let k = s + -53. List the prime factors of k.
2, 3, 5
Let r be 1*36 - 13*2/26. Suppose r*v + 4260 = 39*v. List the prime factors of v.
3, 5, 71
Suppose 13*n = 3*n + 7*n + 1242. What are the prime factors of n?
2, 3, 23
Suppose -3*h + 17271 = 3*j, -2*h + 11510 = -6*j + 4*j. What are the prime factors of h?
2, 1439
Let t(v) = 16*v + 9 + 10 + v**2 - 17*v. What are the prime factors of t(29)?
3, 277
Let t(n) = -5*n + 581. List the prime factors of t(-35).
2, 3, 7
Let l be (3018/(-24))/(((-5)/(-4))/5). What are the prime factors of ((-1)/1)/(-8 - 4023/l)?
503
Let w be 2/((-12)/15)*-2. Suppose -w*q - 5 = -20. Suppose -3*g = k + g - 44, 0 = -k - q*g + 43. List the prime factors of k.
2, 5
Suppose 0 = -2*f - 4, -2*t - 4043 = -7*t + 4*f. Suppose -4*d - 1253 = -3*u, 2*u - d + 4*d = t. What are the prime factors of u?
3, 137
Let w = -42266 - -61441. What are the prime factors of w?
5, 13, 59
Suppose -3*s - 4*v = -1740, -9*v + 572 = s - 5*v. Let q = s - -1269. What are the prime factors of q?
17, 109
Let v = 2437 + 306. Suppose 2*j = 15*j + v. Let h = -42 - j. List the prime factors of h.
13
Let i(s) = -257*s + 180. List the prime factors of i(-18).
2, 3, 89
Suppose -9*j + 813 + 6135 = 0. Suppose i + 397 = l + 25, 2*l - j = -5*i. What are the prime factors of l?
2, 47
Let v = -40 + 50. Suppose n = -22 - v. What are the prime factors of n/24*6*(-4 + 1)?
2, 3
Suppose 5*s = 4*h - 8, 4*h - 4*s - 1 = 7. Suppose 930 = -h*u - 3*u. Let x = u + 325. What are the prime factors of x?
139
List the prime factors of ((-525)/(-42) - 12) + 82830/4.
2, 31, 167
Let b = 367 + -371. List the prime factors of (-3178)/21*18/b.
3, 227
Let u(j) be the first derivative of j**3 - 53*j**2/2 + 33*j - 2. Let v(d) = d**2 - 13*d + 8. Let o(m) = -2*u(m) + 9*v(m). List the prime factors of o(4).
2, 5
Suppose 6 = 4*g - 2. Let a be (-245)/10*g/1. Let j = a + 100. What are the prime factors of j?
3, 17
Let h(s) = 0 + 2 + 21 + 44*s + 23*s**2 - 20*s**2. What are the prime factors of h(-29)?
2, 5, 127
Suppose -21 = -4*p + p + 3*g, 5*g = 2*p - 23. Suppose -3*m + p = -2*m, k = -3*m + 186. List the prime factors of k.
2, 3, 29
Let q(h) = -4*h**2 + 26*h + 41. Let p be q(11). What are the prime factors of (0 - p - 5)/(2/1)?
2, 19
What are the prime factors of (-5929 + 21)*(6 + 0)*(-7)/56?
3, 7, 211
Let a be (-2 + 15/9)/(31/(-372)). Suppose -a*m + 3175 = 5*v, -3503 + 340 = -4*m - v. List the prime factors of m.
2, 5, 79
Let z(c) = 1437*c + 13. Let i be 50/35 + -2*(-12)/(-56). List the prime factors of z(i).
2, 5, 29
Suppose 4*z = 2*z + 132. Suppose 0 = 5*i + 4*b - 192, -20*i = -22*i - b + 75. Let u = z - i. What are the prime factors of u?
2, 3, 5
Let s be (186/4)/((-8)/(-400)). Suppose s = 5*d - p, -5*d + 13*p = 9*p - 2340. What are the prime factors of d?
2, 29
Let y = 3765 - 26